= -c**3 - 2*c**2 - c - 5. Give j(-3).
7
Let u(f) = f**2 - 10*f - 57. Determine u(-5).
18
Let t(x) = -3*x + 43. Give t(19).
-14
Let g(j) = -j**2 - 13*j - 34. Calculate g(-5).
6
Let y(k) = k**3 - 7*k**2 - 8*k - 11. What is y(8)?
-11
Let j(n) = n**3 - 5*n**2 - 12*n - 12. Calculate j(7).
2
Let c(r) = -5*r - 3. Determine c(-7).
32
Let n(t) = t**3 + 5*t**2 - 8. What is n(-4)?
8
Let v(r) = r - 25. Determine v(17).
-8
Let v(i) = 18*i - 25. Give v(7).
101
Let d(p) = p**3 - 10*p**2 - 38*p - 8. Give d(13).
5
Let s(y) = y**2 - 22. Determine s(5).
3
Let v(j) = j**3 + 11*j**2 - 35*j - 116. What is v(-13)?
1
Let o(x) = -x**3 + x**2 + 7*x + 6. Give o(4).
-14
Let p(j) = -j**2 - 12*j - 12. Give p(-11).
-1
Let r(l) = -4*l**3 + 3*l**2 + l - 2. Calculate r(-2).
40
Let y(h) = h**2 - 1. Give y(-3).
8
Let n(f) = -25*f - 68. Give n(-6).
82
Let l(s) = -133*s**3 - 4*s**2 + 2*s + 1. Determine l(1).
-134
Let k(y) = y**2 - 9*y + 7. What is k(6)?
-11
Let h(m) = m**2 + 5*m - 19. What is h(-8)?
5
Let c(t) = 5*t - 162. Determine c(20).
-62
Let o(u) = -36*u**2 + 5*u - 4. Determine o(1).
-35
Let d(u) = u**3 + 16*u**2 + 16*u + 19. What is d(-15)?
4
Let j(u) = -u**3 + 15*u**2 - 14*u + 9. Determine j(14).
9
Let c(d) = -d - 50. Give c(-14).
-36
Let y(q) = q**2 + 23*q + 27. Give y(-22).
5
Let c(u) = u**2 - 4*u - 2. Determine c(5).
3
Let p(j) = -13*j. What is p(-1)?
13
Let q(t) = 2*t + 11. Determine q(-14).
-17
Let l(q) = q**3 + 5*q**2 - 5*q + 3. Determine l(-5).
28
Let u(w) = -w**2 + 8*w + 18. Give u(13).
-47
Let b(m) = 2*m**2 - 29*m + 30. Calculate b(13).
-9
Let z(q) = -q**2 + q + 21. Calculate z(-5).
-9
Let h(i) = 3*i**2 + 8*i + 19. Calculate h(-5).
54
Let f(i) = 2*i**3 - i**2 + i - 13. Calculate f(0).
-13
Let w(k) = -2*k**2 + 49*k - 35. Give w(24).
-11
Let y(d) = d**3 - 9*d**2 + 6. What is y(9)?
6
Let g(s) = -s**2 - 5*s + 13. Determine g(-6).
7
Let u(g) = -g**2 + 12*g - 40. Give u(5).
-5
Let y(l) = -89*l. Calculate y(1).
-89
Let c(i) = 7*i**3 - i**2 - 7*i + 9. Calculate c(2).
47
Let g(w) = -10*w - 162. What is g(-26)?
98
Let k(o) = -o**3 + 21*o**2 - 38*o + 17. Determine k(19).
17
Let n(c) = c + 1. Calculate n(-8).
-7
Let b(l) = -5*l + 6. Give b(5).
-19
Let w(q) = 28*q - 58. Give w(5).
82
Let v(a) = a**3 - 12*a**2 - 12*a - 4. Calculate v(13).
9
Let q(c) = -c**3 - 12*c**2 - 18*c - 43. Determine q(-10).
-63
Let t(d) = -16*d**2 - 2*d + 3. Calculate t(1).
-15
Let o(q) = 30*q**3 - 3*q**2 + q. Give o(1).
28
Let r(v) = 174*v - 1225. Calculate r(7).
-7
Let a(g) = 22*g + 215. What is a(-10)?
-5
Let n(i) = 38*i**3 - 2*i**2 - 2*i - 1. Determine n(-1).
-39
Let a(j) = -4*j - 50. Give a(-12).
-2
Let p(b) = b**3 - 47*b**2 + 46*b. Calculate p(46).
0
Let l(h) = 3*h**2 - 2*h + 1. Give l(1).
2
Let p(b) = -13*b**3 - 2*b**2 + b. Give p(1).
-14
Let g(k) = 23*k**2 - 21*k + 20. Give g(1).
22
Let o(h) = h**2 - 15*h - 34. Determine o(17).
0
Let d(o) = -6*o - 7. Calculate d(-2).
5
Let k(h) = h + 7. What is k(5)?
12
Let v(g) = -14*g - 3. What is v(4)?
-59
Let w(q) = -q**3 + 3*q**2 - 3*q - 4. What is w(3)?
-13
Let r(n) = -n**3 + 2*n**2 + 13*n - 15. Give r(1).
-1
Let v(n) = n**3 - 6*n**2 - 15*n - 3. Determine v(8).
5
Let g(v) = 3*v - 18. Determine g(6).
0
Let p(v) = 2*v**3 + 3*v**2 - 4. Give p(-3).
-31
Let j(r) = r**3 + 4*r**2 - 15*r - 7. Calculate j(5).
143
Let l(r) = 2*r - 26. What is l(16)?
6
Let r(o) = -2*o**2 - 13*o - 15. What is r(-10)?
-85
Let j(d) = 136*d**3 + 3*d**2 - d - 1. What is j(1)?
137
Let i(x) = x + 19. Calculate i(-9).
10
Let o(n) = 2*n - 10. Determine o(7).
4
Let t(s) = s**3 + 9*s**2 + 8*s - 6. Calculate t(-8).
-6
Let l(k) = -3*k**3 + 5*k**2 - 4*k + 4. Give l(3).
-44
Let k(v) = 4*v. Give k(-4).
-16
Let j(s) = 24*s + 12. Determine j(3).
84
Let l(u) = u**3 - u**2 - 4*u - 28. Calculate l(4).
4
Let t(y) = -y**3 + y**2 + 2*y + 5. Determine t(3).
-7
Let y(s) = 5*s**2 - 3*s + 2. Give y(2).
16
Let r(l) = l + 7. Give r(11).
18
Let g(p) = -3*p**2 - 20*p + 3. Determine g(-9).
-60
Let v(w) = 5*w + 11. Give v(3).
26
Let t(j) = -3*j - 29. Give t(-6).
-11
Let v(t) = t**2 + 8*t - 2. Give v(-9).
7
Let p(o) = -4*o**2 + 3*o - 2. Give p(2).
-12
Let n(q) = q**2 + 5*q - 15. What is n(0)?
-15
Let v(t) = 2*t + 1. Give v(1).
3
Let s(v) = 15*v + 1. Give s(-1).
-14
Let f(u) = -u**3 + 5*u**2 - u - 3. Calculate f(5).
-8
Let j(i) = i**2 + 3*i - 70. Calculate j(7).
0
Let b(g) = g**3 + 4*g**2 - 4*g - 5. Calculate b(-5).
-10
Let g(y) = -4*y + 15. Calculate g(10).
-25
Let b(c) = -c**3 + 9*c**2 - 15*c + 9. Give b(7).
2
Let t(z) = z**3 + 4*z**2 + 2*z + 2. Give t(-2).
6
Let a(s) = -s**3 + 9*s**2 + 11*s + 7. What is a(10)?
17
Let y(n) = 8*n**2 - 10*n + 3. Give y(-3).
105
Let u(w) = w**3 + 2*w**2 + 9*w - 7. Determine u(-5).
-127
Let p(g) = -4*g**2 - 10*g - 1. What is p(-3)?
-7
Let c(n) = n + 40. Give c(-25).
15
Let i(w) = -43*w + 197. What is i(5)?
-18
Let m(t) = -t + 4. Give m(-10).
14
Let u(x) = 5*x**2 + 2*x. What is u(2)?
24
Let c(i) = -i**2 + i + 27. Give c(0).
27
Let q(f) = f**2 - 7*f - 39. Calculate q(-4).
5
Let f(l) = l**2 - 8*l - 10. Give f(8).
-10
Let n(v) = -v + 11. Give n(0).
11
Let p(h) = -16*h**2 + h + 1. What is p(-1)?
-16
Let i(o) = -3*o**2 - 18*o + 2. What is i(-5)?
17
Let v(y) = -y**2 + 4*y - 1. Calculate v(5).
-6
Let r(s) = -s**3 - 13*s**2 + 3*s + 11. Determine r(-13).
-28
Let o(b) = b**3 + 7*b**2 + b - 4. Determine o(-7).
-11
Let o(t) = t**2 - 2*t - 19. What is o(5)?
-4
Let m(k) = -k**2 - 10*k + 5. Give m(-5).
30
Let x(i) = -21*i + 459. Calculate x(22).
-3
Let o(i) = i**3 - i + 2. Give o(2).
8
Let n(a) = 2*a**2 + 96*a - 318. Determine n(-51).
-12
Let t(d) = d**2 + 13*d + 15. Calculate t(-9).
-21
Let u(t) = t**3 + 9*t**2 - 4. Determine u(-9).
-4
Let g(u) = 3*u**2 - 3*u + 1. Calculate g(4).
37
Let r(m) = -3*m + 5. What is r(21)?
-58
Let d(r) = -r**2 - 2*r + 5. What is d(-4)?
-3
Let b(i) = -i**2 + 16*i - 48. Determine b(12).
0
Let h(n) = n**3 - 6*n**2 - 7*n. What is h(7)?
0
Let p(a) = -a**2 - a - 1. Determine p(-3).
-7
Let i(w) = w**3 - 9*w**2 - 10*w - 5. What is i(10)?
-5
Let q(y) = -y**2 - 5*y. Calculate q(-2).
6
Let f(p) = -p**3 - 5*p**2 - p + 3. Give f(-2).
-7
Let r(u) = u**3 + 5*u**2 - 5*u + 8. What is r(-6)?
2
Let j(x) = x**2 + 14*x + 31. Calculate j(-10).
-9
Let n(i) = i**2 + 2*i + 4. Calculate n(-5).
19
Let r(a) = 3*a**3 + 3*a + 2. Give r(-1).
-4
Let l(w) = -w**3 + 20*w**2 + 23*w - 32. What is l(21)?
10
Let q(f) = -f - 5. Calculate q(0).
-5
Let f(m) = m**2 + 5*m. Calculate f(-2).
-6
Let d(o) = 4*o**2 + 26*o - 51. What is d(2)?
17
Let f(j) = -6*j**2 + 23*j + 13. Give f(4).
9
Let r(f) = -f**3 + f**2 + 5*f. What is r(-3)?
21
Let c(q) = q**3 - 51*q**2 + 52*q - 92. Give c(50).
8
Let l(i) = 10*i - 82. Give l(8).
-2
Let r(h) = -4*h - 1. Determine r(2).
-9
Let z(o) = -11*o**2 + 2*o - 1. Give z(1).
-10
Let k(u) = 4*u**3 + 2*u**2 - 2. What is k(-1)?
-4
Let b(n) = n**3 + 13*n**2 - 9*n - 115. Determine b(-13).
2
Let o(p) = -19*p + 100. What is o(5)?
5
Let v(n) = n**2 - 16*n + 32. Calculate v(14).
4
Let s(i) = -5*i + 2. Give s(-2).
12
Let j(g) = -g**3 + 4*g**2 + 13*g + 2. Give j(6).
8
Let r(x) = 10*x - 43. Calculate r(5).
7
Let c(g) = -8*g + 32. Determine c(5).
-8
Let a(j) = j - 23. Calculate a(15).
-8
Let w(y) = 2*y + 17. Determine w(-8).
1
Let b(n) = -n**2 + 4*n + 33. Give b(7).
12
Let j(q) = -q**3 - 10*q**2 + 11*q - 16. Give j(-11).
-16
Let y(m) = -m**2 + 33*m - 77. Give y(31).
-15
Let w(d) = -3*d - 35. Calculate w(-11).
-2
Let o(a) = -a**2 - 20*a + 23. Calculate o(-22).
-21
Let t(g) = -2*g**2 - 5*g + 3. What is t(-3)?
0
Let g(v) = 4*v**2 - 28*v. Give g(7).
0
Let v(b) = -b**3 + 5*b**2 + 7*b - 4. Determine v(5).
31
Let l(u) = u - 20. Give l(10).
-10
Let z(n) = -n**3 + 4*n**2 - 3*n + 1. Give z(4).
-11
Let s(o) = -o**3 + 8*o**2 - 2*o + 22. Calculate s(8).
6
Let z(n) = 4*n**2 - 2*n + 6. Calculate z(3).
36
Let n(m) = -36*m. Calculate n(-1).
36
Let x(i) = -13*i**3 + 5*i**2 - 5*i. Calculate x(1).
-13
Let p(j) = j**2 - 8*j + 4. What is p(3)?
-11
Let m(d) = 12*d - 604. What is m(50)?
-4
Let s(v) = -12*v - 10. Give s(-4).
38
Let t(a) = a**3 + 27*a**2 + 23*a - 64. What is t(-26)?
14
Let w(z) = z**2 + 16*z + 15. What is w(-7)?
-48
Let v(h) = -2*h**3 - 42*h**2 - 4*h + 6. What is v(-21)?
90
Let j(o) = 36*o - 1. Determine j(-1).
-37
Let n(z) = -z - 11. What is n(0)?
-11
Let v(k) = k**3 + 9*k**2 + k + 15. Calculate v(-9).
6
Let